 -10101 (base 2) to base 12.
-19
Convert -152 (base 9) to base 13.
-9b
What is 1 (base 7) in base 11?
1
Convert 13 (base 9) to base 6.
20
Convert -10 (base 3) to base 6.
-3
Convert 75 (base 11) to base 8.
122
Convert -2 (base 16) to base 14.
-2
Convert -15 (base 13) to base 9.
-20
What is 32 (base 5) in base 13?
14
What is a6 (base 12) in base 10?
126
-10111 (base 2) to base 13
-1a
Convert -3 (base 5) to base 3.
-10
What is 11100 (base 2) in base 13?
22
43 (base 6) to base 11
25
Convert 4 (base 13) to base 9.
4
Convert 244 (base 7) to base 14.
94
Convert 188 (base 9) to base 13.
c5
What is -3c (base 13) in base 10?
-51
205 (base 7) to base 14
75
-1221 (base 5) to base 2
-10111010
-2 (base 8) to base 7
-2
Convert -197 (base 10) to base 12.
-145
21 (base 9) to base 13
16
What is -b1 (base 16) in base 8?
-261
Convert 52 (base 12) to base 16.
3e
What is -51 (base 6) in base 12?
-27
What is 1 (base 6) in base 2?
1
What is -26 (base 13) in base 9?
-35
Convert -11 (base 2) to base 13.
-3
-a (base 14) to base 16
-a
What is 15 (base 12) in base 11?
16
12 (base 4) to base 15
6
-1012 (base 4) to base 5
-240
Convert -2 (base 10) to base 11.
-2
What is 2 (base 3) in base 11?
2
What is 2 (base 16) in base 6?
2
111 (base 2) to base 15
7
What is 12 (base 12) in base 11?
13
32 (base 13) to base 4
221
Convert -103 (base 4) to base 2.
-10011
-211 (base 6) to base 9
-87
Convert 12 (base 4) to base 5.
11
Convert 2 (base 7) to base 11.
2
What is 251 (base 6) in base 12?
87
What is 5 (base 13) in base 6?
5
What is 0 (base 4) in base 3?
0
Convert 2 (base 9) to base 16.
2
-13 (base 9) to base 4
-30
-101 (base 4) to base 13
-14
What is 0 (base 13) in base 11?
0
What is -12 (base 4) in base 3?
-20
Convert -44 (base 15) to base 9.
-71
-1 (base 3) to base 4
-1
Convert -3 (base 12) to base 4.
-3
What is 8 (base 10) in base 5?
13
What is 21 (base 3) in base 15?
7
-a7 (base 12) to base 3
-11201
What is 88 (base 14) in base 3?
11110
What is -13 (base 5) in base 12?
-8
Convert 22 (base 5) to base 8.
14
Convert -323 (base 5) to base 11.
-80
Convert 4 (base 7) to base 6.
4
What is 18 (base 10) in base 5?
33
What is 32 (base 13) in base 2?
101001
What is 89 (base 16) in base 10?
137
-47 (base 8) to base 12
-33
Convert -2 (base 8) to base 15.
-2
-10 (base 3) to base 15
-3
What is -1 (base 3) in base 9?
-1
58 (base 9) to base 12
45
10f (base 16) to base 6
1131
Convert 110 (base 5) to base 14.
22
What is 100001 (base 2) in base 13?
27
What is -22 (base 12) in base 7?
-35
-252 (base 6) to base 7
-206
What is 1 (base 16) in base 2?
1
What is 2 (base 9) in base 3?
2
9 (base 16) to base 3
100
What is -20 (base 15) in base 3?
-1010
What is a8 (base 13) in base 15?
93
What is -100 (base 2) in base 14?
-4
Convert -1c1 (base 14) to base 9.
-445
What is -5 (base 9) in base 14?
-5
What is 0 (base 8) in base 5?
0
3 (base 12) to base 7
3
12001 (base 3) to base 2
10001000
Convert -54 (base 12) to base 14.
-48
What is 2 (base 14) in base 5?
2
What is -10333 (base 4) in base 5?
-2234
Convert 15 (base 10) to base 4.
33
What is 1 (base 16) in base 6?
1
What is -3b (base 13) in base 4?
-302
Convert c2 (base 16) to base 14.
dc
What is -15 (base 7) in base 2?
-1100
Convert 2 (base 5) to base 13.
2
What is 2 (base 16) in base 13?
2
Convert -16b (base 13) to base 10.
-258
22 (base 8) to base 6
30
-1101 (base 2) to base 6
-21
What is 26 (base 7) in base 8?
24
4 (base 8) to base 13
4
Convert -1 (base 2) to base 9.
-1
What is 0 (base 6) in base 11?
0
What is -2 (base 5) in base 10?
-2
c3 (base 15) to base 16
b7
What is 10 (base 3) in base 4?
3
What is -65 (base 12) in base 8?
-115
53 (base 11) to base 15
3d
-27 (base 10) to base 11
-25
What is -20 (base 5) in base 15?
-a
2 (base 8) to base 6
2
What is ca (base 16) in base 5?
1302
What is -88 (base 10) in base 8?
-130
Convert -152 (base 9) to base 8.
-200
Convert 190 (base 15) to base 16.
168
6c (base 13) to base 11
82
What is -3 (base 9) in base 2?
-11
Convert -37 (base 12) to base 16.
-2b
-50 (base 6) to base 5
-110
32 (base 4) to base 3
112
Convert -46 (base 14) to base 15.
-42
What is -32 (base 5) in base 11?
-16
-141 (base 15) to base 4
-10132
21 (base 5) to base 2
1011
1 (base 2) to base 13
1
-20 (base 4) to base 10
-8
-5c (base 14) to base 3
-10001
Convert 0 (base 6) to base 12.
0
-5 (base 11) to base 7
-5
-31 (base 8) to base 5
-100
1010 (base 2) to base 13
a
Convert -1 (base 10) to base 2.
-1
Convert 22 (base 9) to base 4.
110
Convert -440 (base 5) to base 13.
-93
Convert 15 (base 12) to base 11.
16
-2 (base 8) to base 12
-2
What is -1 (base 12) in base 4?
-1
73 (base 9) to base 14
4a
Convert -16 (base 16) to base 15.
-17
Convert -2 (base 5) to base 2.
-10
121 (base 7) to base 9
71
-10 (base 3) to base 15
-3
What is -1 (base 13) in base 5?
-1
Convert 143 (base 7) to base 9.
88
-10 (base 15) to base 12
-13
30 (base 6) to base 4
102
Convert 120 (base 4) to base 15.
19
31 (base 5) to base 7
22
Convert -b (base 14) to base 7.
-14
-253 (base 6) to base 3
-10220
22 (base 12) to base 9
28
-1 (base 2) to base 7
-1
-ba (base 13) to base 11
-12a
343 (base 6) to base 13
a5
What is 21 (base 13) in base 7?
36
What is 15 (base 7) in base 14?
c
What is -43 (base 13) in base 9?
-61
What is -1121 (base 3) in base 8?
-53
12 (base 3) to base 7
5
-1 (base 12) to base 13
-1
-4 (base 15) to base 3
-11
What is -1 (base 2) in base 3?
-1
61 (base 11) to base 13
52
What is 80 (base 10) in base 5?
310
1 (base 7) to base 5
1
Convert -324 (base 10) to base 3.
-110000
What is 1000 (base 2) in base 6?
12
What is 14 (base 14) in base 16?
12
What is 20 (base 8) in base 6?
24
What is 3 (base 4) in base 10?
3
Convert 0 (base 16) to base 9.
0
Convert 24 (base 13) to base 3.
1010
What is 41 (base 6) in base 16?
19
What is 0 (base 5) in base 15?
0
What is -b (base 15) in base 14?
-b
63 (base 8) to base 5
201
9 (base 14) to base 12
9
Convert 1 (base 15) to base 2.
1
What is 32 (base 4) in base 8?
16
Convert -3 (base 10) to base 2.
-11
Convert 0 (base 7) to base 14.
0
Convert -3 (base 7) to base 8.
-3
-117 (base 8) to base 15
-54
What is dc (base 16) in base 10?
220
Convert 60 (base 14) to base 3.
10010
Convert -11 (base 5) to base 2.
-110
What is -21 (base 5) in base 16?
-b
42 (base 5) to base 7
31
6 (base 9) to base 10
6
5 (base 6) to base 10
5
Convert 1011 (base 2) to base 12.
b
31 (base 8) to base 2
11001
Convert -110 (base 3) to base 7.
-15
Convert -300 (base 7) to base 8.
-223
Convert -11012 (base 3) to base 4.
-1301
-261 (base 8) to base 16
-b1
1011101 (base 2) to base 8
135
What is 34 (base 5) in base 6?
31
What is -3c (base 16) in base 5?
-220
Convert 1 (base 3) to base 16.
1
-3 (base 16) to base 12
-3
What is 4 (base 10) in base 3?
11
Convert b (base 15) to base 12.
b
What is 121 (base 16) in base 6?
1201
What is -11 (base 5) in base 12?
-6
Convert 4 (base 16) to base 4.
10
1 (base 12) to base 9
1
12 (base 6) to base 5
13
11 (base 6) to base 4
13
Convert 1 (base 3) to base 12.
1
What is d (base 15) in base 12?
11
-1c (base 15) to base 2
-11011
-2 (base 14) to base 9
-2
Convert -e (base 15) to base 16.
-e
Convert -78 (base 12) to base 4.
-1130
Convert 81 (base 13) to base 3.
10220
22 (base 6) to base 4
32
-5 (base 9) to base 4
-11
15 (base 7) to base 3
110
What is 0 (base 6) in base 5?
0
Convert -2 (base 4) to base 15.
-2
Convert -31 (base 12) to base 11.
-34
-1c (base 13) to base 2
-11001
13 (base 6) to base 16
9
What is -6 (base 7) in base 10?
-6
Convert -21 (base 6) to base 8.
-15
-13 (base 13) to base 3
-121
Convert 3 (base 9) to base 15.
3
0 (base 5) to base 2
0
-121 (base 9) to base 11
-91
What is -31 (base 14) in base 11?
-3a
What is -110000 (base 2) in base 13?
-39
What is -31 (base 4) in base 14?
-d
Convert 0 (base 9) to base 16.
0
Convert 4b (base 15) to base 8.
107
What is -50 (base 7) in base 9?
-38
Convert 13 (base 9) to base 4.
30
Convert -132 (base 9) to base 3.
-11002
56 (base 10) to base 2
111000
What is 22 (base 3) in base 11?
8
-32 (base 11) to base 9
-38
What is -10111011 (base 2) in base 9?
-227
-2 (base 16) to base 3
-2
What is 4 (base 14) in base 16?
4
1d (base 14) to base 9
30
2 (base 4) to base 16
2
Convert -12 (base 5) to base 3.
-21
Convert -10110011 (base 2) to base 14.
-cb
Convert 0 (base 8) to base 9.
0
What is -42 (base 5) in base 6?
-34
-4a (b